when 482 is divided by 27?
23
Calculate the remainder when 129 is divided by 109.
20
What is the remainder when 1416 is divided by 71?
67
What is the remainder when 26731 is divided by 19?
17
What is the remainder when 5870 is divided by 4?
2
What is the remainder when 475 is divided by 18?
7
Calculate the remainder when 1100 is divided by 96.
44
Calculate the remainder when 145 is divided by 12.
1
What is the remainder when 260 is divided by 21?
8
What is the remainder when 307 is divided by 28?
27
Calculate the remainder when 143 is divided by 48.
47
What is the remainder when 61 is divided by 21?
19
What is the remainder when 899 is divided by 38?
25
What is the remainder when 1779 is divided by 200?
179
What is the remainder when 2305 is divided by 11?
6
What is the remainder when 271 is divided by 83?
22
What is the remainder when 5278 is divided by 66?
64
What is the remainder when 50 is divided by 28?
22
What is the remainder when 117 is divided by 23?
2
What is the remainder when 52485 is divided by 36?
33
Calculate the remainder when 142 is divided by 36.
34
Calculate the remainder when 203 is divided by 17.
16
What is the remainder when 21 is divided by 7?
0
Calculate the remainder when 78 is divided by 29.
20
Calculate the remainder when 1188 is divided by 17.
15
What is the remainder when 110 is divided by 32?
14
Calculate the remainder when 1534 is divided by 253.
16
Calculate the remainder when 403 is divided by 48.
19
What is the remainder when 626 is divided by 17?
14
What is the remainder when 246 is divided by 25?
21
Calculate the remainder when 2369 is divided by 755.
104
What is the remainder when 191 is divided by 34?
21
Calculate the remainder when 5397 is divided by 24.
21
Calculate the remainder when 5740 is divided by 137.
123
Calculate the remainder when 17 is divided by 2.
1
Calculate the remainder when 72 is divided by 24.
0
Calculate the remainder when 427 is divided by 337.
90
What is the remainder when 202 is divided by 5?
2
What is the remainder when 16631 is divided by 378?
377
What is the remainder when 122 is divided by 42?
38
What is the remainder when 206 is divided by 96?
14
Calculate the remainder when 46 is divided by 3.
1
What is the remainder when 237 is divided by 38?
9
What is the remainder when 129 is divided by 1?
0
What is the remainder when 752 is divided by 142?
42
Calculate the remainder when 954 is divided by 5.
4
What is the remainder when 214 is divided by 58?
40
Calculate the remainder when 217 is divided by 22.
19
Calculate the remainder when 116 is divided by 22.
6
What is the remainder when 195 is divided by 194?
1
Calculate the remainder when 187 is divided by 48.
43
What is the remainder when 12621 is divided by 16?
13
Calculate the remainder when 263 is divided by 38.
35
What is the remainder when 190 is divided by 34?
20
Calculate the remainder when 176 is divided by 97.
79
Calculate the remainder when 213 is divided by 10.
3
What is the remainder when 203 is divided by 6?
5
What is the remainder when 5402 is divided by 51?
47
What is the remainder when 368 is divided by 67?
33
What is the remainder when 143 is divided by 25?
18
Calculate the remainder when 397 is divided by 50.
47
Calculate the remainder when 53 is divided by 19.
15
What is the remainder when 764 is divided by 51?
50
Calculate the remainder when 107 is divided by 24.
11
Calculate the remainder when 228 is divided by 224.
4
What is the remainder when 2540 is divided by 288?
236
Calculate the remainder when 7997 is divided by 32.
29
What is the remainder when 324 is divided by 84?
72
What is the remainder when 25 is divided by 14?
11
What is the remainder when 334 is divided by 12?
10
Calculate the remainder when 401 is divided by 130.
11
What is the remainder when 54 is divided by 27?
0
What is the remainder when 242 is divided by 13?
8
Calculate the remainder when 258 is divided by 54.
42
Calculate the remainder when 329 is divided by 50.
29
Calculate the remainder when 8772 is divided by 195.
192
Calculate the remainder when 78 is divided by 4.
2
Calculate the remainder when 77 is divided by 21.
14
Calculate the remainder when 344 is divided by 41.
16
What is the remainder when 521 is divided by 72?
17
Calculate the remainder when 1017 is divided by 211.
173
Calculate the remainder when 222 is divided by 22.
2
Calculate the remainder when 349 is divided by 20.
9
What is the remainder when 92 is divided by 29?
5
What is the remainder when 42 is divided by 17?
8
Calculate the remainder when 149 is divided by 22.
17
What is the remainder when 45 is divided by 32?
13
What is the remainder when 767 is divided by 405?
362
What is the remainder when 85 is divided by 3?
1
Calculate the remainder when 3498 is divided by 31.
26
What is the remainder when 452 is divided by 114?
110
What is the remainder when 133 is divided by 33?
1
Calculate the remainder when 226 is divided by 36.
10
What is the remainder when 406 is divided by 34?
32
Calculate the remainder when 42 is divided by 16.
10
What is the remainder when 104 is divided by 28?
20
What is the remainder when 127 is divided by 37?
16
What is the remainder when 75 is divided by 49?
26
Calculate the remainder when 33 is divided by 30.
3
Calculate the remainder when 78 is divided by 59.
19
What is the remainder when 284 is divided by 57?
56
What is the remainder when 234 is divided by 99?
36
Calculate the remainder when 742 is divided by 49.
7
Calculate the remainder when 97 is divided by 36.
25
What is the remainder when 294 is divided by 48?
6
Calculate the remainder when 750 is divided by 36.
30
Calculate the remainder when 953 is divided by 207.
125
Calculate the remainder when 1674 is divided by 112.
106
Calculate the remainder when 1507 is divided by 63.
58
Calculate the remainder when 112 is divided by 37.
1
Calculate the remainder when 195 is divided by 59.
18
What is the remainder when 253 is divided by 8?
5
What is the remainder when 1117 is divided by 59?
55
Calculate the remainder when 1599 is divided by 50.
49
Calculate the remainder when 110 is divided by 102.
8
What is the remainder when 1133 is divided by 7?
6
What is the remainder when 896 is divided by 83?
66
What is the remainder when 517 is divided by 38?
23
What is the remainder when 732 is divided by 187?
171
What is the remainder when 48 is divided by 20?
8
What is the remainder when 520 is divided by 19?
7
What is the remainder when 1898 is divided by 96?
74
What is the remainder when 8804 is divided by 238?
236
What is the remainder when 372 is divided by 34?
32
What is the remainder when 150 is divided by 73?
4
Calculate the remainder when 39 is divided by 18.
3
Calculate the remainder when 559 is divided by 22.
9
Calculate the remainder when 303 is divided by 104.
95
What is the remainder when 10049 is divided by 42?
11
What is the remainder when 1055 is divided by 56?
47
Calculate the remainder when 498 is divided by 122.
10
What is the remainder when 420 is divided by 99?
24
What is the remainder when 246 is divided by 63?
57
Calculate the remainder when 1459 is divided by 24.
19
What is the remainder when 227 is divided by 27?
11
Calculate the remainder when 91 is divided by 55.
36
What is the remainder when 167 is divided by 62?
43
What is the remainder when 3516 is divided by 35?
16
Calculate the remainder when 91 is divided by 21.
7
Calculate the remainder when 4716 is divided by 39.
36
What is the remainder when 18919 is divided by 86?
85
Calculate the remainder when 1419 is divided by 281.
14
What is the remainder when 120 is divided by 73?
47
What is the remainder when 782 is divided by 191?
18
Calculate the remainder when 249 is divided by 6.
3
Calculate the remainder when 165 is divided by 28.
25
Calculate the remainder when 193 is divided by 56.
25
Calculate the remainder when 3868 is divided by 49.
46
Calculate the remainder when 178 is divided by 65.
48
Calculate the remainder when 671 is divided by 96.
95
Calculate the remainder when 36 is divided by 16.
4
What is the remainder when 69 is divided by 3?
0
Calculate the remainder when 4110 is divided by 12.
6
What is the remainder when 629 is divided by 209?
2
Calculate the remainder when 2531 is divided by 2521.
10
What is the 